t z = p + 6. What is the remainder when 4 is divided by z?
0
Let m = 0 + 6. What is the remainder when 3 + -3 - 11*-1 is divided by m?
5
Calculate the remainder when ((-9)/6)/(1/((-56)/6)) is divided by 5.
4
Let w = 2 - 17. Suppose -f + 15 = z - 2*z, 2*z = -f + 24. Calculate the remainder when 10/w - (-107)/3 is divided by f.
17
Let w(h) = -h**3 - 10*h**2 + 8*h + 2. What is the remainder when 139 is divided by w(-11)?
34
Suppose -a = 4*p - 160, -p - 3*a = -2*a - 43. Calculate the remainder when p is divided by 10.
9
Let w = -61 + 117. Let s = w - 39. Suppose u - 6 = -0*u. Calculate the remainder when s is divided by u.
5
Suppose o + 2*o - 48 = 0. Calculate the remainder when 30 is divided by o.
14
Let c(s) = s**2 + 4. Let h be c(0). Suppose 0 = d + h*d - 15. Suppose -d*l = -5 - 34. What is the remainder when 25 is divided by l?
12
Suppose -2*f = 3*f - 75. Calculate the remainder when f is divided by 4.
3
Let c = -9 - -25. Let s(i) = -6 - 2*i + 12*i + 5. Calculate the remainder when c is divided by s(1).
7
Let q(c) = 7*c + 2. Calculate the remainder when q(3) is divided by 8.
7
Let n = -11 - -21. What is the remainder when 29 is divided by n?
9
Let n = -1 - 1. What is the remainder when (2 - 1) + n - -45 is divided by 15?
14
What is the remainder when (-6 - 96/(-9))/((-1)/(-6)) is divided by 10?
8
Let o(k) = -k**2 - 9*k - 7. Let y = -53 + 96. Calculate the remainder when y is divided by o(-3).
10
Let d be (1 - (-1 - -2)) + 1. Let i = -11 - -14. What is the remainder when i is divided by (0 - -3)*d - 1?
1
Suppose 0 = x + 2*x - 33. Let n(s) = s**2 + 2*s. Let o be n(-2). Suppose -v - 5*q + x = o, -2*v = 3*v - q - 55. Calculate the remainder when 41 is divided by v.
8
Calculate the remainder when (-2 + 4)*212/8 is divided by (12/(-16))/(4/(-144)).
26
Let g = -105 - -158. What is the remainder when 315 is divided by g?
50
Suppose 3*l + 21 = p, l + 3*p = -13 - 4. Let b = 29 + l. Let m = 116 + -55. Calculate the remainder when m is divided by b.
19
Let s be 0 - (2 - 2) - 8. What is the remainder when 245/9 + s/36 is divided by 7?
6
Let d(n) = n**3 - 5*n**2 - 2*n + 8. Let o = 0 + 2. Let b = 13 - o. Calculate the remainder when d(6) is divided by b.
10
Calculate the remainder when (1 + 0)/((-7)/(-77)) is divided by 3.
2
Let u = 25 + 7. Let b = -22 + u. Calculate the remainder when 17 is divided by b.
7
Let t = 47 - 28. Let g = 452 + -380. Calculate the remainder when g is divided by t.
15
Calculate the remainder when (546/9)/(6/9) is divided by 31.
29
Suppose 0 = 4*s - 81 - 75. Calculate the remainder when s is divided by 20.
19
What is the remainder when 13 is divided by 6/5*20/6?
1
Suppose 0 = 5*s - 35 - 40. What is the remainder when 29 is divided by s?
14
Let j(m) = m. Let d be j(3). Suppose -4*z = -9*z + d*n + 426, -252 = -3*z + 3*n. What is the remainder when z is divided by 22?
21
Suppose 0 = -5*t - 5*n + 4*n - 47, 3 = n. Let v = t + 17. What is the remainder when 25 is divided by v?
4
Suppose 0 = s + 2*s - 81. Suppose 5*u - 2*u = s. What is the remainder when u is divided by 4?
1
What is the remainder when 6/(-12) + (-39)/(-2) is divided by 7?
5
Suppose 5*h - 24 = -j, 0 = -5*h - 0*h - 5*j + 40. Let g = 42 - 31. What is the remainder when g is divided by h?
3
Suppose 0 = -0*h + 2*h + 14. Let d = h - 0. Let c = 25 + d. What is the remainder when 53 is divided by c?
17
Let v = 32 - 21. Calculate the remainder when v is divided by 7.
4
Let u = -6 - -4. Let s be u + 1*2/1. Suppose c - 5 = -s*c. Calculate the remainder when c is divided by 3.
2
Let t = 79 - 42. What is the remainder when t is divided by 20?
17
Suppose 0 = 6*a - 86 - 100. Calculate the remainder when a is divided by 7.
3
Let f(r) = 20*r**2 + r + 1. Let k = 1 + -2. Let c be f(k). Let z = c + -8. Calculate the remainder when 23 is divided by z.
11
Let k(s) be the third derivative of -s**6/120 + s**4/24 + s**3/6 + 3*s**2. Calculate the remainder when k(-2) is divided by 4.
3
Suppose 2*o = -o + 6. Suppose 16 = o*s - 4. Let c = 21 - 15. What is the remainder when s is divided by c?
4
Suppose 4*b + 3*a = 5*b - 48, 0 = -b - 3*a + 66. Suppose 3*m - 33 = -f, 3*f = 3*m + 30 + b. Calculate the remainder when f is divided by 8.
6
Let u = 42 + -3. What is the remainder when u is divided by 21?
18
Let b = 100 - 90. Calculate the remainder when 12 is divided by b.
2
Let q(h) = 4*h - 49. What is the remainder when 171 is divided by q(23)?
42
Let w be 2 + -10 + 0 + 0. Let a = 30 + w. Suppose 2*h - 31 = -4*y + y, 3*y = -h + 23. What is the remainder when a is divided by h?
6
Let m = -26 - -36. Let r(d) = -d**3 + 11*d**2 - 7*d - 4. What is the remainder when r(m) is divided by 14?
12
Suppose b + b = 0. Suppose b = 2*r - r - 9. What is the remainder when r is divided by 6?
3
Suppose -3*n + z - 6*z = -241, 2*n - 160 = -3*z. Calculate the remainder when n is divided by 13.
12
Suppose 19*c - c - 1962 = 0. Calculate the remainder when c is divided by 38.
33
Suppose 5*k - 16 - 47 = -m, -4*m = -k - 294. Suppose 7*g - 3*g = -t + 62, 0 = -5*g + t + m. What is the remainder when 43 is divided by g?
13
Suppose -3*f = -5*c + 45, 0 = -2*c - 2*f + 2. Suppose m - 5 = -1. Calculate the remainder when -24*(24/(-9))/m is divided by c.
4
Suppose i - 14 = -2*g, -3*i + 0 = g + 3. Calculate the remainder when 26 is divided by g.
8
Let v(d) = d**2 + 15*d + 12. Let y be v(-14). What is the remainder when 5*((-46)/(-10) + -1) is divided by 3 - y/2*7?
8
Suppose -3*l + 110 + 16 = 0. Let u(z) = -z**3 - z**2 - 2*z - 1. Let y be u(-2). Suppose -4*c - l = -y*c. Calculate the remainder when 27 is divided by c.
13
Suppose 5*o = -0*o. Suppose o = -2*j - 1 + 25. Calculate the remainder when j is divided by 5.
2
Let z(m) = 3 - 8*m - 4 - 2. Let i be z(-6). Suppose -2*f = f - i. What is the remainder when 29 is divided by f?
14
Let z = 27 - 17. Calculate the remainder when 18 is divided by z.
8
Let t be (-9)/6*(-10)/3. Suppose 0 = d - 2*d + t. Let c = -229 + 237. What is the remainder when c is divided by d?
3
Suppose 0*t = -3*t + 27. Let a = t + 5. What is the remainder when a is divided by 8?
6
Suppose -p + 0 = -1. Suppose -p = 4*w - 3*w. Let k = 14 - w. Calculate the remainder when 58 is divided by k.
13
Let z(u) = -3*u**2 + 3*u**2 - 5*u**2 + 2 + 7*u**2 - 4*u. Calculate the remainder when z(2) is divided by 1.
0
Let p(c) = c**3 - 8*c**2 - 4. Let z be p(8). Let r(q) = -q**2 + 9*q + 5. Calculate the remainder when -6*(2/z + -1) is divided by r(9).
4
Let o(k) = -k**2 + 15*k - 15. Calculate the remainder when 37 is divided by o(12).
16
Suppose 3*b + 4*k - 256 = 5*k, 2*b + 3*k = 178. Suppose 5*o + 2*x = b, 0 = -3*o + x + 22 + 23. Calculate the remainder when o is divided by 9.
7
Let d = 4 + 7. Let s = d + -7. Suppose 4*t - 41 = -1. What is the remainder when t is divided by s?
2
Let l be 0 - -1*(-1 - -120). Suppose -5*x - l = -479. Calculate the remainder when x is divided by 25.
22
Let g be (-200)/(-72) - (-2)/9. Suppose 0*t = -v - g*t - 8, t + 16 = 3*v. Suppose v*x + 7 = 47. What is the remainder when x is divided by 6?
4
Suppose 4*q + 68 = 3*y + y, 0 = 5*q - 15. Let g = -41 + -67. Let p = g - -166. What is the remainder when p is divided by y?
18
Let m = 38 + -22. What is the remainder when 159 is divided by m?
15
Suppose -2*t + 119 = -53. Calculate the remainder when t is divided by 22.
20
Let y be 2/7 - 352/56. Let o(r) = 4*r + 2 + 13 - 3 - 3*r. What is the remainder when o(y) is divided by 4?
2
Calculate the remainder when -1 + (10 + 3 - 4 - -3) is divided by 7.
4
Let c = 6 - 59. Let s = -35 - c. What is the remainder when s is divided by 10?
8
Suppose 5*s - 2*s - 3 = 0. Let v = 0 - -5. Let o = v + -3. What is the remainder when o is divided by s?
0
Suppose 5*i = 4*d + i + 4, 2*i = -5*d - 40. Let o be -2 - -7 - (3 + d). Suppose 2*a = 2*h + o, -28 = -a - 3*a + h. What is the remainder when a is divided by 3?
2
Suppose -3*v = -46 - 71. Calculate the remainder when v is divided by 8.
7
Let j = -103 + 116. Suppose 2*f - 98 = 4. What is the remainder when f is divided by j?
12
Let d = 0 + 3. Let a be (0/(-3) - -2) + -2. Let w = 2 - a. What is the remainder when d is divided by w?
1
Let o be 5*((-24)/5 - -2). Let n = o - -25. Suppose -19 = -3*h + n. Calculate the remainder when h is divided by 6.
4
Suppose j = 2*y + 2, -5*y + y + 5*j = 10